230
In base 15, what is -2 + 42a?
428
In base 6, what is 1250 - -124034?
125324
In base 11, what is -39 - -8057?
8019
In base 10, what is 3674 + 14?
3688
In base 10, what is 23532 + 2?
23534
In base 8, what is 2 + 727446?
727450
In base 4, what is 1100211130 + -10?
1100211120
In base 3, what is -10221110 - -102?
-10221001
In base 5, what is 234412231 + -10?
234412221
In base 5, what is -11 - 20433420?
-20433431
In base 8, what is 6 - 4071?
-4063
In base 5, what is -232040 + 10?
-232030
In base 12, what is 4 + 94540?
94544
In base 2, what is -100110011110110110 + -100?
-100110011110111010
In base 15, what is 3 - 151a4?
-151a1
In base 8, what is -35 + -104?
-141
In base 14, what is 66d0 - -6c?
675c
In base 12, what is 1a + -2b910?
-2b8b2
In base 3, what is -2 - -2100021020212?
2100021020210
In base 6, what is -1035354 - 5?
-1035403
In base 11, what is 301146 + 5?
301150
In base 5, what is 22032412 - 3?
22032404
In base 7, what is 2640564 - -4?
2640601
In base 5, what is -4 - -311240?
311231
In base 13, what is 287 + 1b25?
20ac
In base 13, what is -4 - 9c1b?
-9c22
In base 15, what is -2 + -4c561?
-4c563
In base 2, what is -11101 - -1100011101?
1100000000
In base 16, what is 24158 + 1?
24159
In base 14, what is 506 - -158?
660
In base 10, what is 295697 + -4?
295693
In base 8, what is 106633 - -40?
106673
In base 9, what is 87 - -646?
744
In base 8, what is 12035 - 44?
11771
In base 13, what is 1bb + b2c?
101a
In base 3, what is -202121101 + -1120?
-202122221
In base 14, what is 42c - 14?
418
In base 8, what is -5 + 502100?
502073
In base 4, what is 3220111 + -11?
3220100
In base 4, what is -10 + -213000233?
-213000303
In base 10, what is -7081418 + -1?
-7081419
In base 8, what is 0 + 11512?
11512
In base 2, what is 10100110 + 11010010001?
11100110111
In base 14, what is -3d1cb + -5?
-3d1d2
In base 4, what is -11033011 - 122?
-11033133
In base 7, what is 2 + -145042?
-145040
In base 4, what is 3222 - -30101?
33323
In base 15, what is 62 + 16d1?
1743
In base 13, what is 0 + 5946?
5946
In base 15, what is 4b1 + -32?
47e
In base 3, what is -10 + -220010100012?
-220010100022
In base 7, what is 1315561 + -20?
1315541
In base 10, what is -223 - 218?
-441
In base 13, what is 39ba + -3c?
397b
In base 16, what is -a24 - -12?
-a12
In base 10, what is 52 - 1630?
-1578
In base 15, what is -13ccbd + -1?
-13ccbe
In base 3, what is 10000201102 + 11?
10000201120
In base 5, what is -2440 - 10204?
-13144
In base 8, what is -176041 + -100?
-176141
In base 4, what is -3201 + 111133?
101332
In base 7, what is -12 + 16164?
16152
In base 12, what is 99 - -66?
143
In base 6, what is 1 - -534103?
534104
In base 6, what is -1045 + 144?
-501
In base 12, what is 42b6 - 31?
4285
In base 5, what is 12 + 13241000?
13241012
In base 4, what is 11 + -22111321?
-22111310
In base 4, what is -221211 + 20?
-221131
In base 4, what is -102013 - -3?
-102010
In base 4, what is -1231 + -10002?
-11233
In base 14, what is -57588 - d?
-57597
In base 6, what is -15330 - 2033?
-21403
In base 14, what is 46 + 37c?
3c4
In base 7, what is -1644 + -404?
-2351
In base 4, what is -1133321121 + -13?
-1133321200
In base 10, what is -126 - 27?
-153
In base 13, what is b3 - -10?
c3
In base 15, what is -e - -3c5?
3b6
In base 2, what is -11000111011110111 + 1?
-11000111011110110
In base 8, what is 3 + -25025?
-25022
In base 7, what is -13626663 + -2?
-13626665
In base 5, what is -3323341 - -1?
-3323340
In base 2, what is 10100110000011110 - 101?
10100110000011001
In base 2, what is -100011101010 + -1010?
-100011110100
In base 11, what is 1220 - -1a8?
1418
In base 15, what is -2 - -11eb04?
11eb02
In base 12, what is 47 + -3041?
-2bb6
In base 11, what is 706 + -66?
650
In base 10, what is -10568 + -49?
-10617
In base 4, what is 3 + 1331322300?
1331322303
In base 4, what is -10 - 1331000033?
-1331000103
In base 2, what is 10110100001 - -1011100110?
100010000111
In base 15, what is -66ae + c?
-66a2
In base 11, what is 629 - 84?
555
In base 4, what is -11001232 + 2?
-11001230
In base 7, what is 61020 + 26?
61046
In base 9, what is -4 - 28244?
-28248
In base 7, what is 11135 - -3144?
14312
In base 11, what is 2787196 - 5?
2787191
In base 14, what is -2 - 51c?
-520
In base 7, what is -36 + 2456?
2420
In base 7, what is -24 - -22032?
22005
In base 2, what is 111011100111 + -1001011?
111010011100
In base 14, what is 3b - 213?
-1b6
In base 5, what is -30441 - -3131?
-22310
In base 7, what is 56 + -131024?
-130635
In base 13, what is -3bb7 + 2?
-3bb5
In base 7, what is 324 - -310?
634
In base 15, what is -44d - -5b?
-3e2
In base 4, what is 211101 + 12?
211113
In base 2, what is 11010 + -110110111?
-110011101
In base 2, what is -10 - 10100101100001?
-10100101100011
In base 6, what is -23534405 - -5?
-23534400
In base 11, what is 7a41 + 3?
7a44
In base 3, what is -2 - -1022012200221?
1022012200212
In base 7, what is -551054 - 4?
-551061
In base 10, what is 124220 - -8?
124228
In base 15, what is -1aa - 127?
-2d2
In base 6, what is -2 - 11100220?
-11100222
In base 10, what is 8 + -78498?
-78490
In base 6, what is 32 - 5533?
-5501
In base 12, what is -13 - -829?
816
In base 7, what is -1 - -151236?
151235
In base 13, what is 237a8 + -29?
2377c
In base 8, what is -143 + 5?
-136
In base 9, what is -1868 + -2?
-1871
In base 7, what is -3 + -166521?
-166524
In base 16, what is 1 + 3bd5?
3bd6
In base 6, what is -1 + -342121?
-342122
In base 11, what is -66554 - -16?
-66539
In base 4, what is 2221321 + 1202?
2223123
In base 5, what is 3312301 + -203?
3312043
In base 3, what is -1100121 + 1001?
-1022120
In base 11, what is -4 - -882547?
882543
In base 6, what is 5124404 - 4?
5124400
In base 2, what is 100011 + -110100110000?
-110100001101
In base 12, what is 46566 + 0?
46566
In base 6, what is -4354032 - -5?
-4354023
In base 12, what is -13 - -490?
479
In base 9, what is 120 - 1328?
-1208
In base 16, what is 38 + -33a6?
-336e
In base 5, what is -24043 - -131?
-23412
In base 12, what is a89 - -1b8?
1085
In base 2, what is -10001111 + 11111110?
1101111
In base 11, what is 1 + a351?
a352
In base 2, what is 1000110100000 - 1000100?
1000101011100
In base 11, what is 2582aa - -4?
258303
In base 14, what is 1 + -130c8?
-130c7
In base 14, what is 314 + -3a?
2b8
In base 13, what is 4a9 - -115?
5c1
In base 9, what is -121 - 27?
-148
In base 8, what is -1070335 + 0?
-1070335
In base 14, what is -80 - -7a?
-4
In base 12, what is -10 - -4b0?
4a0
In base 2, what is -100011101011 + 101000?
-100011000011
In base 11, what is -1 + 8511?
8510
In base 10, what is 2 - -3537?
3539
In base 5, what is -33043 - -22?
-33021
In base 13, what is 3a - -39b?
408
In base 6, what is 153 - -2314?
2511
In base 2, what is 101110110111001 + 1?
101110110111010
In base 11, what is -96 - 2a01?
-2a97
In base 12, what is 2963 - 3?
2960
In base 13, what is 15b7 - -143?
172a
In base 15, what is -1c2 + 61d?
44b
In base 13, what is -7 - 11377?
-11381
In base 8, what is -2625 + 5?
-2620
In base 16, what is 3 + 257c?
257f
In base 13, what is -5 + -23aaa?
-23ab2
In base 11, what is -3 + 151053?
151050
In base 13, what is 106 + 45a?
563
In base 13, what is -491 + 19c?
-2c2
In base 9, what is 10 + 4388?
4408
In base 4, what is 10213030331 - 0?
10213030331
In base 9, what is -158 - 116?
-275
In base 11, what is -153a950 - 0?
-153a950
In base 15, what is -10 - a84?
-a94
In base 16, what is -3a1 + -3ab?
-74c
In base 11, what is 2a2 + 24?
316
In base 7, what is -200642 - 34?
-201006
In base 16, what is -33 - 132f?
-1362
In base 16, what is -5 + -1084?
-1089
In base 12, what is 2b - -850?
87b
In base 7, what is -66031 + 6?
-66022
In base 4, what is -102 - 132132322?
-132133030
In base 10, what is -304 - 1418?
-1722
In base 2, what is 1001110111001011 + -11?
1001110111001000
In base 4, what is 220 + 2213020?
2213300
In base 13, what is -24ab9 + 3?
-24ab6
In base 6, what is 31054 - -5?
31103
In base 14, what is c4dca9 + 5?
c4dcb0
In base 2, what is 110 - -100010111101?
100011000011
In base 3, what is 20 - 21010112210?
-21010112120
In base 3, what is -11 - -201202222?
201202211
In base 8, what is -206433 - -3?
-206430
In base 2, what is 110111000 + 10111?
111001111
In base 8, what is 101052 + 53?
101125
In base 15, what is -5a0 - 14?
-5b4
In base 9, what is 22 + 18142?
18164
In b